hird derivative of h(o). Calculate r(2).
6
Let g(o) be the first derivative of o**3/3 - 5*o**2/2 + 4*o + 3. Determine g(4).
0
Let g(h) = h + 4. Let y = -8 - -11. Let q = y + 0. Suppose -4*s + 4 = -4*o, 5*s - 17 = -q*o + 12. Determine g(o).
7
Let n(a) be the second derivative of -a**3/6 + 3*a**2/2 + 2*a. Give n(3).
0
Let n(c) = -c + 1. Suppose 2*m + 80 = -3*q, 0*q - 12 = q - 3*m. Let s = 20 + q. Determine n(s).
5
Let h(g) = -g - 12. Let x(u) = -u - 11. Let n(r) = -3*h(r) + 4*x(r). What is n(-5)?
-3
Let m(y) = -2*y + 7 + 0 - 2*y. Determine m(5).
-13
Let t(a) = a**2 + a. Let i(x) = -x**2 - 7*x - 1. Suppose -2*o = -2*h - 0*h, -h - 6 = 5*o. Let w(f) = o*i(f) - 5*t(f). Give w(-1).
-5
Suppose 2*l = -5*d - 6, -3*d = -4*l - l + 16. Let a be d/7 + (-6)/(-21). Let f(g) = -g**3 + g**2 - g + 4. Give f(a).
4
Let w be ((-16)/4)/4 - 3. Let r be w/10 - 26/10. Let s(k) = k**2 + 3*k + 3. Calculate s(r).
3
Let h(t) = t**2 + 5*t + 2. Let q be 8/60 + (-310)/75. What is h(q)?
-2
Let b(t) = -t**3 + 4*t**2 + 4*t - 5. Let l = -48 - -53. What is b(l)?
-10
Let d(l) = 2*l**3 - 2*l**2 + 1. Let s be d(1). Let j(o) be the third derivative of -o**6/60 - o**5/60 - 2*o**2. Give j(s).
-3
Suppose 3*z = -0*z + 24. Let m(l) = l**2 - 8*l - 9. Determine m(z).
-9
Let g = 15 + 0. Let k = g + -11. Let c(b) = b**2 - k*b**3 - 2*b**3 + 2*b**3. Calculate c(-1).
5
Let p(a) = 3*a**2 + a - 1. Let w(j) = -10*j**2 - 3*j + 3. Let n(t) = 3*t - 1. Let v be n(1). Let o(i) = v*w(i) + 7*p(i). Calculate o(0).
-1
Let f(y) = 4*y - 9. Let c be f(7). Let t be (-6)/(-8) + c/(-4). Let o be (-1)/2 + (-14)/t. Let d(a) = -a + 4. What is d(o)?
1
Suppose -2*o - 176 = -o. Let n be 4/(-30) - o/(-30). Let a(q) = q**3 + 6*q**2 - 2. What is a(n)?
-2
Let u(i) = -i**2 - 19*i - 21. Let s be u(-18). Let d(t) = t + 2. What is d(s)?
-1
Let z(o) = o + 2. Let c = -1 + 5. Suppose -f + 8 = -4*i, -c*i + f - 8 = -4*f. What is z(i)?
0
Let c(o) = -o - 7. Let u(m) = 1. Let k(l) = -c(l) - 2*u(l). Let r(h) = 2*h + 11. Let i(y) = -9*k(y) + 4*r(y). Calculate i(0).
-1
Let g(t) be the third derivative of t**6/120 - t**5/30 - t**4/12 + 6*t**2. Give g(3).
3
Suppose s = -v + 6*v + 15, 3 = s - 2*v. Let f(b) = b**2 + 2*b - 1. Calculate f(s).
14
Let i(o) = o**2 - 7*o + 6. Let c(a) = 6*a**3 - a**2 + a. Let u be c(1). Calculate i(u).
0
Let k = -9 + 13. Let q(t) = -t**3 + 5*t**2 - 7*t + 6. What is q(k)?
-6
Let a(p) = -8*p - 1. Let v be (-1*4)/((-6)/9). Let o(g) = -15*g - 2. Let r(z) = v*o(z) - 11*a(z). Determine r(-5).
9
Let r = 20 + -16. Suppose 4*o - 4*q + 23 = 7, 2*q - r = 0. Let g(a) = -a**2 - 2*a - 2. Calculate g(o).
-2
Let d(k) = -14*k - 14. Let a be (54/1)/3 + 1. Let i = -11 + a. Let g(x) = 9*x + 9. Let m(l) = i*g(l) + 5*d(l). Calculate m(2).
6
Let k(l) = 0 - 9*l - 6 + 10*l. Calculate k(4).
-2
Let j be (-48)/(-10) - 9/(-45). Suppose 1 + 24 = -j*c. Let r(a) = -2 - 5*a**2 - a - a**3 - 2*a**3 + 2*a**3. Determine r(c).
3
Let d(r) be the second derivative of -r**7/840 - r**6/45 - r**5/20 + 3*r**4/8 + r**3 + 6*r. Let c(l) be the second derivative of d(l). Give c(-7).
2
Let n(s) = s**2 - 2*s - 1. Suppose -4*o = 2*j + 2*j - 64, -2*o + 6 = 0. Suppose -3*m = t + 3*t + 6, j = 2*m - 3*t. Suppose 7 = m*y + 3. What is n(y)?
-1
Suppose 5*q - m - 4 = 6, -10 = -5*q + 4*m. Suppose -f + q + 3 = 0. Let n(p) be the second derivative of p**3/6 - p**2/2 + 5*p. What is n(f)?
4
Let u(x) = 5*x**2 - 2*x + 9. Let n(d) = 9*d**2 - 3*d + 17. Suppose -4*s + 11 = -5*s. Let m(l) = s*u(l) + 6*n(l). Give m(-2).
-9
Let s(f) be the third derivative of f**6/40 - f**5/30 - f**4/24 + 7*f**2. Give s(2).
14
Let o(c) be the first derivative of -c**4/4 - c**3/6 - c - 5. Let g(t) be the first derivative of o(t). Suppose 4 = -5*m + m. Determine g(m).
-2
Let y(w) be the third derivative of 0*w - w**2 - 1/6*w**3 + 0 - 1/24*w**4. Let v(f) = -f**3 + 5*f**2 - 4*f - 1. Let s be v(3). Give y(s).
-6
Suppose 2*r + 1 = -1. Let o = -6 - r. Let n(q) = q**2 + 6*q - 3. What is n(o)?
-8
Let s be -1*((-10)/1 - 1). Let q(a) = 5*a**2 + 4*a - 5. Let b(d) = 14*d**2 + 12*d - 14. Let j = 4 + -8. Let t(y) = j*b(y) + s*q(y). Determine t(-3).
4
Let v(y) be the third derivative of -y**6/120 + y**5/20 + 2*y**3/3 - 8*y**2. What is v(3)?
4
Suppose -4*q = -q. Let c(s) = -41*s + 37*s - 3 + q*s**2 - s**2. What is c(-2)?
1
Let i(k) be the first derivative of -k**2 + k - 29. Let u be 2/(((-4)/(-3))/2). What is i(u)?
-5
Suppose n = 2*k + 6, -5*n + 9 = -0*n - 3*k. Let j(a) = -3*a**2 + 184*a - 185*a - 2 - 3 + 2*a**2. Give j(n).
-5
Let a = -12 + 18. Let h(p) be the third derivative of -1/20*p**a + 2*p**2 - 1/60*p**5 + 0 + 0*p**3 - 1/24*p**4 + 0*p. Determine h(-1).
6
Let l = 44 - 24. Suppose -f = f - l. Let k be (4/f)/(5/75). Let x(z) = z**2 - 4*z - 8. Give x(k).
4
Let y(s) = -8 + 16 - 11*s - 8. What is y(-1)?
11
Suppose -5*a - 3 = -4*u + 29, -5*u - 5*a - 5 = 0. Let d(l) be the second derivative of l**5/20 - l**4/6 - 3*l**2/2 - 4*l - 7. Calculate d(u).
6
Suppose 0 = 2*s - 4*s + 4*z + 22, -z = 5. Let i(q) = s + 1 + q**2 - 4 - q. Let u be i(-2). Let x(w) = 4*w - 4. Determine x(u).
12
Let t(r) = -r - 4. Let d be t(-4). Let m = -1 - d. Let o(n) = 2 + 5*n - n - 3 + 2*n. Calculate o(m).
-7
Let q(r) = -3*r - 6 + 7*r**2 + 3 - 3 - 4. Suppose 0*p + p = -1. Let u(v) = -v**2 + v + 1. Let i(l) = p*q(l) - 6*u(l). Give i(-5).
-6
Let o = 9 + -5. Let k be (-2 + 0)*(-10)/o. Let q(d) = d - 2*d**2 - d - d**3 + 7*d**2 - k. What is q(5)?
-5
Let u(d) be the third derivative of -d**6/120 + d**5/15 + d**4/6 - d**3/6 - 9*d**2. Calculate u(5).
-6
Let o(s) = s**3 - 2*s**2 + 2. Let k be (8/(-3) + 2)/((-4)/12). Calculate o(k).
2
Suppose -2*j - 38 = 2*j - 2*a, -5*j + 5*a - 45 = 0. Let z = j - -7. Let s(l) = l**3 + 4*l**2 + 3*l - 1. Determine s(z).
-1
Let y(r) = 14*r**2 - 16*r - 16. Let b(c) = -c**2 + c + 1. Let i(u) = 48*b(u) + 3*y(u). What is i(-1)?
-6
Suppose -3*b = b + 20. Let c(a) = -7*a**2 - 11*a + 8. Let n(u) = 10*u**2 + 16*u - 12. Let z(o) = 7*c(o) + 5*n(o). Calculate z(b).
6
Suppose 5*y + 15 = 2*y. Let b(t) be the first derivative of 1/2*t**2 + 1 + 10*t. Determine b(y).
5
Suppose -2*x = -2, 7*y - 2*y - 8 = 2*x. Suppose 4*w + 10 = 4*r + 2, -2*w + y = 0. Let v(c) = -3*c - 1 - 3 - c**r + 4*c. Calculate v(0).
-4
Suppose 4*f - 12 = 3*x, x = -3*f + 8*f - 4. Suppose f = -0*q - 5*q - 10. Let v(s) be the second derivative of s**5/10 + s**4/3 + s**3/2 - 10*s. What is v(q)?
-6
Let l(v) = -4*v**3 - v**2 + v + 1. Let j(x) be the third derivative of -x**6/120 - x**5/20 + x**4/24 + x**3/3 - 5*x**2. Let p be j(-3). Calculate l(p).
3
Let y be 8/12 + 19/3. Let v(m) = -y*m**3 + 4*m**3 - 3*m**3. Give v(1).
-6
Suppose 29*k + 5 = 28*k. Let w(s) = -s**2 - 6*s + 2. Determine w(k).
7
Let q be 1/3 - 8/6. Let j(o) = o - 1. Let g(r) = -r + 19. Let u(f) = g(f) + 2*j(f). Let t(d) = 3. Let y(m) = 34*t(m) - 6*u(m). Determine y(q).
6
Suppose 0 = 2*j - 2*a + a + 2, 3*a + 4 = -4*j. Let d(s) be the first derivative of -3*s**4/2 - s**2/2 + 1. What is d(j)?
7
Let n(s) = s**2 + 2*s - 4. Let g be n(-4). Suppose 4*m - 22 = 3*m + 4*i, -3*m + g*i + 34 = 0. Let t(v) = -2*v + 8. Calculate t(m).
-4
Suppose -5*l + 2*a + 2*a = 1, -2*l = -3*a + 6. Suppose d + 6 = 3*d. Let g(b) = d*b + 4 - 4. Determine g(l).
9
Let p(v) = -4*v**3 + v**2. Let w(m) = m**3 - m**2. Let o(l) = -p(l) - 2*w(l). Give o(1).
3
Let y(m) = -3 + 119*m - 110*m - 5 + 4 - m**2. Give y(8).
4
Let h = 22 + -18. Let k(r) be the second derivative of 0*r**2 + 1/2*r**3 + 1/12*r**h + 0 - 2*r. Give k(-3).
0
Let k(u) = -u**3 - 5*u - 4. Let p be (-3)/6*0 - -4. Let h(v) = v**3 + v**2 + 4*v + 4. Let g(l) = p*h(l) + 3*k(l). Give g(-4).
0
Let n(r) = 2*r + 27 - 49 - 4*r + 19. Determine n(-4).
5
Let u(p) = 9*p**3 - 2*p**2 + 3*p - 3. Let k(r) = -45*r**3 + 11*r**2 - 16*r + 16. Let z(x) = -2*k(x) - 11*u(x). Suppose -2*n + 0*n = -2. What is z(n)?
-9
Let f be (-1)/(-1) + (-1 - 1). Let r(g) = 5*g**3 - 2*g**2 - 1. Let i(o) = o**3 - o**2. Let s(z) = -4*i(z) + r(z). What is s(f)?
0
Let j(n) = -2*n - 8. Let w be j(-7). Let r be w/(-21) - 60/(-14). Let m(g) = -3*g. What is m(r)?
-12
Let y(t) = t**2 - t + 1. Let m(g) = g**3 + 10*g**2 + g + 9. Let u(s) = -s**3 - 11*s**2 - s - 9. Let q(f) = -4*m(f) - 3*u(f). Let n be q(-7). Determine y(n).
7
Let n(r) = r**3 + 4*r**2 - 3*r + 6. Let j be (0 + -1)/(5/25). Give n(j).
-4
Let c be 1/2 + (-28)/8. Let u = c + 3. 